b = 22, 2*b - 20 = -2*b. Suppose -3*c = -12, 4*k - 3564 = -4*c + o*c. Is k prime?
False
Let w(r) = -26*r**3 - 2*r**2 + 17*r - 12. Is w(-5) composite?
True
Suppose -5*m + 4*u + 5752 = u, -2*m - 5*u + 2307 = 0. Is m prime?
True
Let q = -10 - -15. Suppose 87 = 3*y - 3*b, 0 = 3*y - q*b - 105 + 28. Is y a prime number?
False
Suppose 0 = 2*k - 2*n + 338, k - 672 = 5*k - 3*n. Let b = k + 367. Let y = b - 41. Is y composite?
True
Let q = 34 + -32. Suppose 5*x - 3059 = -q*m, -x + 16 = 3*m - 601. Is x a composite number?
True
Suppose -5*a + 2*a = 2043. Let x = -290 - a. Is x a composite number?
True
Let z = 2284 - 1395. Is z prime?
False
Suppose 192449 = 7*f + 2560. Is f prime?
True
Let y(o) = -o**3 + 3*o**2 + 9*o - 10. Let q be y(4). Suppose 0 = -q*p + 5*p + 5335. Is p prime?
False
Suppose 3*b = -3*n + 2877, -9*b - 1927 = -2*n - 8*b. Suppose 4*u = -2*r + 954, -12*r + 14*r - n = 4*u. Is r composite?
False
Suppose -33220 = -8*x + 29452. Is x composite?
True
Suppose z + 3*l - 452 - 918 = 0, 3*l + 5435 = 4*z. Is z a prime number?
True
Is 197 + (-1 - 5/1) prime?
True
Let r = -4237 - -2782. Let g = -568 - r. Is g a composite number?
False
Let j = -2026 + 686. Let l = 2454 + j. Is l composite?
True
Is (-2)/(-5) - (212336/(-10) + -5) prime?
False
Let a(p) = -31 - 25*p - 12 + 99*p. Is a(13) composite?
False
Let x be 8/(-1) + (-4 - -5). Is (1 - -295) + x + 2 a composite number?
True
Let y be ((-3)/9)/((-2)/1206). Let a be y/3 - (-1 - -5). Is a + 2 + 8/2 prime?
False
Let g(b) = -2*b**2 + 31*b - 9. Let n be g(15). Is 18/(-12)*-1*1964/n a composite number?
False
Let u(t) = 3631*t - 29. Is u(2) composite?
True
Suppose 0 = -792*f + 790*f + 4454. Is f a prime number?
False
Let z(r) = 213*r - 68. Is z(19) prime?
False
Let x(u) = 465*u**2 + 3*u + 13. Is x(3) prime?
False
Let c(r) = -7*r**3 + 4*r**2 - 2*r + 6. Let p(i) = -i**2 - 19*i + 15. Let w be p(-20). Is c(w) a prime number?
True
Let b be (-46 + 47)/((6/(-4))/(-3)). Suppose -b*u + 381 = -521. Is u a composite number?
True
Let r = 22170 - 6743. Is r a composite number?
False
Is -1*(4373/(-2))/(17/34) a composite number?
False
Suppose -7*w - 19987 = -18*w. Is w a composite number?
True
Let z(j) = -2*j**3 - 11*j**2 - j - 23. Is z(-15) a prime number?
False
Let n = 107 - 146. Let k = 48 + n. Is k a prime number?
False
Let r be 0/(2 - 0) - 1913. Suppose -112 = 13*n - 29*n. Is n/42 - r/6 composite?
True
Let o(n) be the second derivative of 19*n**4/4 - n**3/6 - 3*n**2/2 + 2*n. Is o(4) composite?
True
Let n be 296/(-56) + 5 + 27694/7. Let k = 10305 - n. Is k a composite number?
True
Let y(w) = w**2 + 9*w - 8. Let i be y(-10). Suppose 0 = -6*m + i*m + 100. Let h = 64 - m. Is h a composite number?
True
Suppose -2*m = -5 - 1. Is m + (84 + 2 - 4) a prime number?
False
Suppose 2*j = 82 + 866. Let v = j + 195. Is v composite?
True
Let b = 9537 + -16538. Let h = -2074 - b. Is h a composite number?
True
Let q = 22 - 17. Suppose -3*x + m + 4445 - 1275 = 0, -x = -q*m - 1080. Is x composite?
True
Let n be (-40)/(-22) - (-6)/33. Suppose 3*k - n - 13 = 0, 5*x - 1640 = k. Is x a composite number?
True
Let z be 37/(-3) - (-12)/(-18). Let b = z - -3. Let p = b + 29. Is p composite?
False
Let v = 19456 - 4419. Is v a composite number?
True
Let d = -17 - -19. Suppose 1769 = d*w + 7647. Is w/5*(13 + -18) composite?
False
Suppose 4*q - 22803 = -d, 5 = -10*q + 9*q. Is d prime?
False
Let y(i) = -i - 13. Let j(b) = -2*b + 12. Let l be j(10). Let h be y(l). Is (-116)/h - 1/5 a prime number?
True
Let d(l) be the first derivative of 32*l**3/3 - 9*l**2 - 3*l + 29. Is d(-10) a composite number?
True
Let u be ((-162)/12)/(3/(-42)). Suppose -u + 910 = 7*p. Is p prime?
True
Suppose -4069 - 2643 = -8*h. Is h composite?
False
Let p be 0 - -3 - (2 - 1). Suppose p*r + 53 = 3*r. Is r a composite number?
False
Suppose -46*p - 43*p + 682541 = 0. Is p composite?
False
Suppose 244 = 3*z + 2*v - 1069, -4*v + 4 = 0. Is z composite?
True
Suppose -m + g + 181654 = 4*g, 0 = -3*m - g + 544970. Is m prime?
False
Let g(a) = -2*a - 23. Let c be g(-14). Suppose -c*x + 5605 = -0*n + 4*n, 5600 = 5*x + 3*n. Is x prime?
True
Let s = -5923 + 15038. Is s prime?
False
Let a(q) = -21*q**2 - 7*q + 2. Let g(z) = -14*z**2 - 5*z + 1. Let k(w) = -5*a(w) + 7*g(w). Is k(-8) prime?
False
Let x = 2 - -8. Suppose -72 - 312 = -2*d - j, -x = -5*j. Is d a prime number?
True
Suppose 264 = 8*g - 2*g. Suppose 43*t - g*t = -397. Is t a prime number?
True
Suppose -1298 = -2*d - 4*u - 0*u, 0 = -4*d + 4*u + 2632. Suppose -4*x = x - d. Is x a composite number?
False
Let g(k) = 12*k**2 + 15*k + 92. Is g(11) composite?
False
Let t be 0/(-1*8/(-4)). Let g be (t/(-4) + 0)/(-2). Is 13*(g + 21 + -2) prime?
False
Is -3 - (-150)/42 - 34529/(-77) a prime number?
True
Let h = 870 - 137. Is h prime?
True
Let d(w) = -223*w + 147. Is d(-8) a prime number?
True
Let q(n) = n - 3. Let t be q(7). Suppose -5*i + 961 = -3*y - 103, t*i = 5*y + 859. Is i a composite number?
False
Let d be 9 + 4*(-9)/(-12). Let c be ((-2)/(-3) + 0)/((-10)/6585). Let h = d - c. Is h prime?
False
Let y = -71 + 74. Suppose -y*h = 2*c - 332, 53 = -5*c - 3*h + 874. Is c composite?
False
Let b(v) = -v**2 - 10*v + 12. Let d be b(-10). Suppose 4*l - 64 - d = 0. Let a = 54 - l. Is a composite?
True
Let u(v) = -60*v**3 - 3*v**2 - v - 1. Is u(-2) composite?
True
Let f(d) = -d**2 - 3*d + 8. Let s be f(-4). Suppose -2*t - 870 = -s*t. Suppose -3*x - 144 = -t. Is x a composite number?
False
Let h(f) = f**2 - 10*f + 22. Suppose 2*x = m + 98, -m + 0*m - 3*x = 113. Let s be (-16)/m - 230/(-26). Is h(s) composite?
False
Suppose 0 = 5*s + 2*l - 10278 - 4045, -5730 = -2*s - l. Is s a composite number?
True
Let f be 1206/16 - (-3)/(-8). Suppose -70*i + f*i = 265. Is i a prime number?
True
Let v(j) be the first derivative of 4*j**3 - 3*j**2/2 - 2*j + 3. Suppose -5*o - 15 = 0, -3*o + 5*o - 29 = -5*u. Is v(u) a prime number?
False
Let w be ((-16)/(-28))/(12/42). Is (425 - w) + (-6 - -2) composite?
False
Suppose -24 = -3*q + g, 5*g - 7 = 4*q - 39. Suppose 4*p + f = 2598, -q*f + 4*f + 3253 = 5*p. Is p composite?
True
Suppose -449 = -7*p - 5475. Let r = 1011 + p. Is r composite?
False
Let m be ((-18)/(-4) + -4)*4. Let p be ((-4)/m)/((-8)/(-1504)). Let f = p - -1059. Is f prime?
True
Suppose -3*m - 2*w - 4204 = -7*m, 4180 = 4*m + 4*w. Is m a composite number?
False
Let c = -914 + 1451. Is c composite?
True
Suppose 20 + 96 = 4*w. Let t(a) = 8*a - 15. Let k be t(10). Suppose -2*m = -k - w. Is m a composite number?
False
Let s = -103 + 101. Let k(q) = 6*q**2 + 2. Let h(f) = -f**2 - 1. Let m(j) = -h(j) + k(j). Is m(s) a prime number?
True
Let p be 6/2 - 2 - -2. Suppose r - k + 30 = 0, -4*r - p*k + k = 150. Is (-222)/(-10) + 7/r a prime number?
False
Let s = 1404 + 3641. Is s prime?
False
Let o(a) = -a**2 + 2*a. Let w be o(2). Suppose 1786 = 4*b - l + 2*l, 4*b - 5*l - 1774 = w. Is b prime?
False
Let r = -5 - -5. Suppose -9*z + 12*z - 615 = r. Is z composite?
True
Suppose 0 = 3*k + 4*f + 672, -k - 59 = -2*f + 155. Let b = k + 588. Suppose -y + b = 5*q, 2*y - 698 = 3*q + 51. Is y a composite number?
False
Let j(t) = 4*t**3 - 5*t**2 + t - 1. Let i be (-1)/(4/(-22)) + (-3)/6. Is j(i) a prime number?
True
Let f = -1047 + 2764. Is f composite?
True
Let p = 1446 - 971. Suppose 5*b - p = -4*g + g, -b = -2*g - 95. Is b a prime number?
False
Let z = -3 + 5. Let s(v) = 3*v**2 + 0*v**2 - v + 9*v**z. Is s(-3) prime?
False
Let r(z) = 3814*z**2 - 12*z - 21. Is r(-2) a prime number?
True
Let r be (-4)/(-10) + (-5)/(25/(-3)). Is r*(-1 - -2)*2237 a prime number?
True
Let u(f) = -f**2 + 19*f - 59. Let l be u(13). Suppose -l*k - 4*k = -31211. Is k a prime number?
False
Let n be ((-1)/(-2))/((-2)/(-12)). Suppose -n*m + 216 = m + t, -m + 2*t + 45 = 0. Is m prime?
True
Suppose 21*y + 5*d + 37888 = 25*y, 4*d - 47319 = -5*y. Is y a composite number?
False
Suppose -3*k = -2*u + 2740 + 7569, -4*u = k + 3427. Let b = k + 7126. Is b a composite number?
False
Let i = -903 + 2504. Is i a prime number?
True
Let b(f) = 79*f**2. Let g(n) = n**2 - 3*n - 11. Let r be g(5). Is b(r) a prime number?
True
Let d be -2 + 19 + 3/(-1). Suppose -4*x + 19 = o - 2*o, -2*x = -2*o - d. Is 187 - (-5)/((-10)/x) prime?
False
Is 5*(1 + 4716/5) a composite number?
False
Suppose 0*r + 80 = 2*r. Let i be r/(-12)*12/(-10). 